What is -1 + (-1 - -37) - (-61 + -118 + 177)?
37
Calculate -16 + (21 - (16 - (10 + -5))) - 29.
-35
What is the value of (138 - 187) + (-3 + 2 - -33)?
-17
What is the value of 6 - (8 + -28 + (4 - (6 + -12)))?
16
Evaluate (-76 - -57) + (-34 - -29 - (-1 + (0 - -2))).
-25
What is -72 + (-197 - -136) + 114?
-19
What is the value of 17 + 2 - (34 - (-34 - -68))?
19
(150 - 155) + (-5 - 22 - 1)
-33
(9 - -1) + -8 + 15 + 10 + -75
-48
What is (-29 - -139 - -8) + -40?
78
What is ((-8 - -2) + 10 + 4 - (7 + -4)) + 13?
18
What is the value of -15 + (55 - (-1 + 22)) - 88?
-69
48 - -9 - (-11 - (-27 + 18))
59
What is -5 + 38 + -24 + (-29 - -106)?
86
Calculate (293 - 129) + (-71 - -23).
116
(1 + 143 - (5 - (20 - -17) - -29)) + -2
145
0 - (-15 + -7 - (-35 + 15))
2
67 + (-37 + 66 - 33) + -3 + 17 - -8
85
What is 1 + -1 + 13 - (-10 - (-2 - 33))?
-12
What is 43 + -36 + -6 + (1 - -6) + -7 - 19?
-18
Evaluate (16 + -29 - 1 - 2) + 17 - 42.
-41
Evaluate 8485 - 8594 - (-1 + 3 + -25).
-86
Evaluate -869 - -846 - (0 + -73).
50
What is the value of 6 - -16 - (21 + -3) - 5?
-1
Evaluate 12 + -15 + -11 + (-5 - -8).
-11
Calculate (-28 - -10) + -15 - -53.
20
-14 + (-25 - -17) + 32 + (-38 - 0)
-28
Calculate 29 + (-105 - -46) + 40.
10
What is 26 + -23 + 3 + 49 + 35 + -29?
61
What is the value of -245 + 198 + (0 - 4) + 7 + -18?
-62
(0 - 0) + 4 + 2 + (13 - 1)
18
Evaluate -8 - 78 - (-26 - (-29 - -28)).
-61
Calculate -54 - -26 - (-43 + 85 + -32).
-38
-414 - -437 - (-1 + -38)
62
Calculate -4 + -66 + 9 + (10 + -2 - (-10 - -9)).
-52
Evaluate 9 + 2 + -13 + (-13 + -1 - -1).
-15
-62 - (1 + -104) - 38
3
5 + 1 - (68 + (-13 - -1))
-50
-16 - -10 - (-10 - (-45 + 21))
-20
What is (0 - (-17 + -11)) + -41 - 39?
-52
Calculate -16 - (-1 - 1) - (77 + (-197 - -105)) - 27.
-26
Evaluate 0 - ((-5 - 37 - -98) + -38).
-18
What is 86 - (74 + 20 + -50)?
42
Calculate 23 + (34 - 75) + -11 + 94.
65
What is the value of (22 - -12 - 57) + 44?
21
What is ((-7 - -35) + -44 - 22) + 1 + -3 + -1?
-41
Calculate 18 + 46 + -84 + 43.
23
47 + -9 + 10 + 5 + -17 + -2
34
Calculate (19 - 92 - (19 + -28)) + -43.
-107
What is -685 + 710 - (-12 + -56)?
93
What is the value of -6 + -2 + -1 + -16 - -8?
-17
-98 + (59 - -6) + 112
79
Evaluate -236 + (110 - 4) - -45.
-85
Evaluate (-25 + 10 - -22 - 25) + -75.
-93
What is ((8 - 20) + 4 - 5) + 45?
32
-16 + -40 - -118 - (11 + -2 - -3)
50
Evaluate (190 + -336 - -194) + (11 - (-3 + 2)).
60
What is -21 - (-35 - ((-22 - -16) + 0))?
8
What is 9 - ((0 - -1) + -12 - (713 - 713))?
20
-19 + -1 - (-3701 - -3784)
-103
What is the value of -320 + 329 + (-5 - (5 - 3)) + (41 - 0)?
43
Calculate -157 + (10 - -198 - 107).
-56
Calculate -15 + (1 - 10) + -53 + -79 + 40 + -1.
-117
Calculate 0 + -50 - (-41 + 28 - (1 - 22) - 5).
-53
What is 82 - (-19 - -82) - -27?
46
What is (5 - 3) + 4 + 2 - (-6 - -11 - -22)?
-19
What is the value of (-120 - (56 - 136)) + ((-3 - -6) + -1 - -3)?
-35
What is -86 + 16 + (-1 + -5 - (-10 + 12)) - -3?
-75
Calculate 47 - (57 + -9) - (43 - -2).
-46
What is the value of 37 - 46 - -10 - (-34 - -7)?
28
What is the value of -86 - 46 - (-156 + 110)?
-86
Calculate (1 - -7) + 1 + (-1155 - -1086).
-60
Calculate 88 - -8 - 10 - ((-22 - 12) + 28).
92
Calculate -10 + 9 + ((6 - 54) + 3 + 2 - 9).
-53
What is the value of 128 + -140 - (-60 + 14 + (0 - -1) + 4)?
29
958 + -1024 + (2 - 7)
-71
What is the value of ((-1 - 14) + 5 - (-4 - -2)) + 4 + 60?
56
What is the value of (-7 + 6 - 15) + (47 - (-74 - -117))?
-12
Evaluate -2 + 14 - (78 - (-32 + (13 - -35))).
-50
What is 0 + 54 + (-3759 - -3643)?
-62
((2 - -44) + -2 - (8 - (-21 + 42))) + 10
67
Calculate -1 - -9 - ((-94 - 1) + 16 + 9 + -19).
97
What is the value of (60 - 1) + (-24 - (-10 + 3) - -32) - 14?
60
-21 + 21 + (34 - 59)
-25
Evaluate (-4 - -5 - 10 - -1) + 73 - 8.
57
Evaluate 179 + -160 + 0 + 2 + -22.
-1
What is -9127 - -9093 - (77 - 2)?
-109
(-3 - -5) + 1 + -164 - (-3251 + 3239)
-149
Evaluate -17 + (105 - (113 + 20)).
-45
Evaluate 5 - 0 - 60 - ((-57 - (26 + -55)) + 27).
-54
What is 9 - (-3 + 60 + (28 - (47 + -13)))?
-42
What is the value of -8 + (5 - (-4 + 14)) - ((65 - 12) + -47)?
-19
Evaluate (3374 - 3449) + (0 - -66).
-9
Calculate -41 - 63 - (-6 + 0 - (-161 + 166)).
-93
Calculate -28 - -2 - (8 + -19 + 21 + -5 + -9).
-22
What is -32 + -10 + 54 - (-1 + 2)?
11
What is the value of (0 - -10) + (-58 - (-53 + 19)) + -1?
-15
What is the value of -271 - (-399 - -110) - (0 + 0 - -18)?
0
Calculate 17 - 61 - -14 - (-1 + 2 + 5 - 7).
-29
Evaluate 415 + -445 + 7 + 22 + 7.
6
What is 202 - 156 - (169 + 27 + -13)?
-137
Evaluate (-36 - 2) + 8 + -30 - 25.
-85
What is the value of 7 - ((38 - 11) + 3) - (7 - (14 + -8))?
-24
What is -103 - (-46 + -44 + 38)?
-51
Evaluate (-2 - -42 - -1) + (-37 + 26 - -10) + 5.
45
What is -1576 + 1548 + (0 - -8)?
-20
What is (-1 - 38) + -62 + 78 - 1?
-24
What is 3 - (-2 + (-2 - -4)) - (-14585 - -14581)?
7
What is the value of (-34 - -2) + (64 - (-28 + -48))?
108
Calculate 8 + 1 + 1 + -1 + 51 + -43 + -20.
-3
96 - (-35 + -85 + 236)
-20
Calculate (-13 - -61 - 7 - -3) + 1 + -13.
32
Evaluate 117 + -116 + (1 - (-3 + 37)) + -2 + 4.
-30
Calculate 32 - ((0 - 1) + (44 - 46)).
35
What is the value of (-2 - 3 - -1 - 12) + -2948 + 2963?
-1
Evaluate 33 + -59 + 15 + (-1 - -3 - 23).
-32
9 + (21 - ((-15 - -10) + 40))
-5
Calculate -22 - (-10 + (4 - (-2 - (6 - 11)))).
-13
-7 + -5 + (32 - 15) - -32
37
What is 12 - (-216 + 136 - 6)?
98
Evaluate -882 - -865 - (10 + -4 + 1).
-24
What is (-17 - -41) + (1 - (3 + 4 - -6)) - -72?
84
65 + (49 - 104) - (-2 + -38)
50
Evaluate -4393 - -4404 - (90 + 1).
-80
Evaluate 1 + -8 + -2 + (7 - (-10 - (-2 - 0))).
6
Calculate -28 + (-21 - (35 - 75)).
-9
What is the value of -31 - (20 + -10 + 3 - 14 - -7)?
-37
What is the value of 8 + -19 + 0 + (9 - 23)?
-25
Calculate (-5 - 6) + (-28 - 12 - (-16 + 1)).
-36
Evaluate (6 - (1 - -9)) + -5 + 46 + -15.
22
Evaluate 1 + (8 - 2) + (25 - 49) + (9 - 1).
-9
What is the value of -48 - (-65 + -6 + -2)?
25
Evaluate 6 - (-50 + 19 + -24 + -11 + 17).
55
Evaluate -34 + (-10 - -34) + -6 + 16.
0
What is 28 - (23 + 5 + (27 - 41))?
14
Evaluate -63 + (-68 - -11 - -77).
-43
What is the value of -48 + 31 + 11 + 98 + 23?
115
What is 72 + 73 + -34 + -107?
4
Calculate 2 + -29 - (-14 + (13 - -2)).
-28
What is the value of (237 - (-102 - -192)) + -24 + (-3 - -2)?
122
Evaluate (34 - 18) + 30 - 90.
-44
What is 6 + -53 - -53 - 30?
-24
Calculate 82 - 143 - -21 - (10 - (-3 - -3)).
-50
What is the value of (75 - 1 - 3 - (0 - 0)) + (3635 - 3627)?
79
What is (67 - 150) + -30 - -19?
-94
What is the value of (0 - (4 - 54)) + (26 - 23) + -26 + 24?
51
5 - (-410 - -412 - (-10 - -1 - -1)) - -99
94
What is the value of 28 + -8 - 5 - (65 + -70)?
20
Evaluate 550 + -525 + (1 - 34).
-8
Evaluate 17 - (-25 + (30 - 1)) - 14.
-1
What is the value of (-1 + -24 - 1) + (3702 - 3629)?
47
Calculate (-36 - (-107 - -51)) + -67.
-47
Calculate 2 + (-17 + 29 - 10) - 8 - -54.
50
What is (-35 - -40) + (-13 - -148) + -17?
123
Calculate 86 + (-75 + 55 - 17).
49
What is 142 + -124 + (-10 + -2 - 3)?
3
What is the value of (1 - 7) + -2 + -143 + 263 + -137?
-25
Calculate 56 - 16 - (110 - 67).
-3
(3 - 1 - 1 - (2 + 8)) + -2729 + 2735
-3
Calculate 305 + -361 - (-101 - 4).
49
What is -57 + -69 - (4 + -4 + -26)?
-100
What is 94 + -88 + 107 - 69?
44
Evaluate 6 - (-21 + 4) - 1.
22
What is 1 - ((-53 - (5 + -1)) + (17 - (28 - -1)))?
70
What is the value of -14 - (16 - 3 - 48 - 10)?
31
What is the value of 3 + (3 + 12 - -1) + -31?
-12
What is -3 - ((17 + -12 - -15) + -62)?
39
Calculate (-1 + 15 - (41 + -41) - -1) + 45.
60
What is the value of (3374 - 3488) + (-2 - -232)?
116
(-10 - -7) + 21 - (10 + -11)
19
Calculate 8 - (67 - -6 - (-1 + -2)) - (-32 - -22).
-58
Calculate -20 + (48 + -25 + -34 - (-3 + -137)).
109
What is (6 - (61 + -34)) + -69 - -14?
-76
What is the value of 17 - -1 - (60 + 12 - 38 - 47)?
31
What is -47 + (29 + -14 - (29 + -2))?
-59
Evaluate -21 - (-28 - -89 - 34).
-48
50 - (17 + (4 - (-30 + 76)))
75
Evaluate -13 + (-3 - -6) + 6 - -10 - (-108 - -31).
83
What is the value of -23 + -5 + (18 - -2) + 48?
40
What is -55 - (-22 - (-15 - -36))?
-12
Calculate -30 - (6 + -9) - -16 - 23.
-34
Calculate 64 + (26 - -4 - 12 - 17) - -17.
82
What is the value of -69 - 86 - -112 - -15?
-28
Calculate (0 - 2 - -26) + (-796 - -686).
-86
6 + (-9 - -11) - ((-9 - 